or of 7085 and 2286820?
545
What is the highest common divisor of 11259576 and 3672?
1224
Calculate the highest common factor of 2824306712 and 184.
184
Calculate the highest common divisor of 1817631 and 20257.
47
Calculate the greatest common factor of 2158 and 22813297.
1079
Calculate the highest common factor of 120 and 15869890.
10
Calculate the highest common factor of 3971 and 12412624.
361
What is the highest common factor of 1305 and 6859515?
435
Calculate the highest common factor of 6596221 and 9911.
901
Calculate the greatest common factor of 549154 and 1998.
74
What is the highest common factor of 50 and 1159025?
25
What is the greatest common divisor of 23 and 185157061?
23
Calculate the greatest common factor of 67943421 and 91.
91
Calculate the greatest common factor of 135 and 12329280.
135
What is the greatest common divisor of 200 and 14381350?
50
What is the greatest common factor of 281 and 378267869?
281
Calculate the greatest common factor of 1388 and 17597758.
694
Calculate the greatest common divisor of 165492584 and 76.
76
Calculate the highest common factor of 1102752 and 1005984.
2016
What is the greatest common factor of 108955 and 875885?
1415
What is the greatest common factor of 14765172 and 60?
12
What is the greatest common divisor of 6 and 922560?
6
What is the highest common divisor of 393650 and 7750?
50
What is the greatest common factor of 19039 and 1098960?
241
Calculate the greatest common divisor of 24130 and 16600.
10
What is the greatest common divisor of 38057850 and 2925?
225
What is the greatest common factor of 2065572 and 10498?
362
Calculate the highest common divisor of 67601664 and 1152.
1152
What is the highest common factor of 5738 and 48066200?
38
Calculate the greatest common divisor of 481 and 138121.
37
Calculate the highest common divisor of 557418 and 549.
183
Calculate the greatest common factor of 1803 and 145478661.
1803
What is the greatest common factor of 23026 and 120640?
58
Calculate the highest common factor of 2275696486 and 1996.
998
Calculate the greatest common divisor of 23720416 and 3704.
3704
Calculate the highest common divisor of 384872 and 92.
4
What is the greatest common factor of 53743 and 20051923?
241
Calculate the highest common factor of 165 and 102938055.
165
What is the greatest common divisor of 124332 and 126750?
78
What is the highest common factor of 110040 and 69587?
7
Calculate the greatest common factor of 53924 and 65880.
244
What is the highest common divisor of 560286630 and 10?
10
Calculate the highest common factor of 4752 and 445698.
198
Calculate the highest common divisor of 341 and 11228173.
11
Calculate the greatest common factor of 800 and 158233800.
200
Calculate the highest common factor of 1040 and 71759480.
520
What is the greatest common factor of 50833040 and 80?
80
Calculate the highest common divisor of 8330 and 1073560.
10
What is the highest common factor of 5194 and 1163652?
98
Calculate the highest common divisor of 4217850 and 5187.
273
What is the highest common factor of 41057847 and 5751?
81
Calculate the greatest common divisor of 19871046 and 338.
26
What is the greatest common factor of 714 and 924819822?
102
What is the greatest common factor of 4168075 and 225?
25
Calculate the highest common factor of 525042 and 3686634.
1134
What is the highest common divisor of 35040 and 109366410?
2190
Calculate the greatest common factor of 721155 and 31440.
1965
What is the greatest common factor of 160779 and 84?
3
Calculate the highest common factor of 720 and 9210240.
720
Calculate the highest common factor of 6490210 and 110.
10
What is the greatest common factor of 24465488 and 96?
16
Calculate the greatest common factor of 3124 and 31835264.
284
Calculate the greatest common divisor of 216 and 2918088.
72
What is the greatest common factor of 1368 and 47758248?
1368
What is the greatest common divisor of 38335954 and 17658?
218
What is the highest common divisor of 421 and 50493056?
421
What is the greatest common factor of 378 and 7160670?
54
Calculate the highest common factor of 32473430 and 2046.
682
What is the greatest common factor of 752 and 5644559?
47
What is the greatest common divisor of 735 and 3871845?
15
Calculate the greatest common divisor of 1561059 and 10417263.
10203
What is the greatest common factor of 317 and 191889293?
317
Calculate the highest common divisor of 26358 and 811716.
138
What is the highest common divisor of 1401319222 and 158?
158
What is the highest common factor of 159415700 and 57?
19
Calculate the greatest common factor of 2880 and 4925160.
360
What is the highest common divisor of 385 and 29708980?
35
Calculate the greatest common divisor of 240412175 and 1450.
725
Calculate the highest common factor of 5305125 and 8127.
903
What is the highest common divisor of 159532 and 1444?
4
What is the highest common factor of 3476 and 3773?
11
What is the highest common factor of 319899484 and 5217?
1739
What is the highest common divisor of 1218 and 42234846?
174
What is the greatest common divisor of 515558 and 17834?
74
Calculate the highest common factor of 236610948 and 84.
84
What is the greatest common divisor of 13758 and 248639162?
4586
What is the highest common divisor of 131289 and 138993?
321
Calculate the greatest common divisor of 33102 and 2892.
6
What is the highest common factor of 16475706 and 78?
78
Calculate the greatest common divisor of 70115 and 217523.
37
Calculate the highest common factor of 94272988 and 2192.
548
What is the greatest common divisor of 31787 and 43050?
7
Calculate the highest common factor of 1600168 and 7367.
139
Calculate the highest common factor of 25390 and 223930.
10
Calculate the greatest common divisor of 48621 and 193631.
853
What is the greatest common divisor of 6461506 and 381?
127
What is the greatest common divisor of 693 and 143253?
99
Calculate the greatest common factor of 150 and 106140525.
75
Calculate the greatest common factor of 99673812 and 10005.
2001
What is the greatest common divisor of 671 and 6089105?
11
Calculate the highest common factor of 216 and 436804.
4
What is the greatest common factor of 540200222 and 222?
74
Calculate the greatest common factor of 36 and 2078088.
12
Calculate the greatest common divisor of 60661611 and 666.
333
What is the greatest common divisor of 1073800 and 1508?
52
Calculate the highest common factor of 588 and 451702384.
196
Calculate the highest common factor of 479640 and 315.
105
Calculate the highest common divisor of 3555604 and 63638.
1354
Calculate the highest common divisor of 7265 and 3295.
5
What is the highest common factor of 594 and 428382?
54
Calculate the highest common factor of 507897 and 12285.
351
What is the highest common factor of 328870 and 250?
10
What is the greatest common divisor of 37904 and 1561424?
368
Calculate the greatest common factor of 62260 and 1925.
55
Calculate the greatest common factor of 162941 and 322453.
127
What is the highest common factor of 1130771 and 817?
43
What is the greatest common factor of 13370155 and 85?
5
Calculate the highest common factor of 8525055 and 5124.
1281
Calculate the highest common factor of 529 and 35812771.
529
What is the greatest common factor of 34 and 1804482?
34
What is the highest common divisor of 1923 and 242708881?
641
Calculate the highest common divisor of 2100800 and 1818.
202
What is the highest common divisor of 12295 and 397716201?
2459
What is the highest common factor of 94037313 and 1517?
1517
Calculate the greatest common factor of 9 and 6267816.
9
Calculate the greatest common divisor of 99 and 653829.
33
What is the greatest common factor of 993967 and 2922?
487
What is the highest common divisor of 19400744 and 7458?
2486
What is the highest common factor of 749474 and 3025?
121
Calculate the greatest common factor of 95437 and 13471.
19
Calculate the highest common factor of 33605 and 27366690.
3055
What is the greatest common divisor of 258 and 4776354?
258
Calculate the greatest common factor of 19644928 and 39406.
2074
Calculate the highest common factor of 18 and 508391406.
18
What is the greatest common divisor of 3560 and 609205?
445
Calculate the greatest common divisor of 18974